
Let x(w) = 4*w - 8. Calculate the remainder when 58 is divided by x(5).
10
Let z(r) = 5*r**2 - 10*r - 1. Let t(y) = y**2 - y + 1. Let i(s) = 6*t(s) - z(s). Let w = -4 - -14. What is the remainder when i(-7) is divided by w?
8
Suppose -165 = -3*d - 2*d + 5*n, 0 = -5*n - 20. What is the remainder when d is divided by 11?
7
Suppose 0 = -2*n + 2*v - 4*v + 56, 0 = -4*n + v + 122. Let q = n + -11. Let h(u) = -u**3 - 3*u**2 - u. Calculate the remainder when h(-5) is divided by q.
17
Let g(a) = 9*a. Calculate the remainder when g(1) is divided by (-2 + 4)*(2 + 1/(-2)).
0
Let z = -13 - -50. Calculate the remainder when z is divided by 8.
5
Suppose -2*u + 3*s = 2*s - 14, 11 = -u - 4*s. Let i(w) = w + 4. What is the remainder when 35 is divided by i(u)?
8
Let l = -5 + 8. Calculate the remainder when (-100)/(-3) + l/(-9) is divided by 12.
9
Let j = 5 - 0. Let k(f) = -f**2 + 5*f - 2. Let s be k(j). Calculate the remainder when (8/(-6))/s*15 is divided by 6.
4
Suppose 0 = -s - 9. What is the remainder when (s/3)/(-1) - -34 is divided by 10?
7
What is the remainder when 28 is divided by -2 + 4 + (-3)/(12/(-52))?
13
Suppose 0 = -2*f - 3*j - 23, -4*j = -f - 3*f + 4. Let l = 7 - f. What is the remainder when l is divided by 6?
5
Let z(l) = l**2 + 2*l - 2. What is the remainder when -1 + 1 + (-266)/(-7) is divided by z(3)?
12
Suppose 4*p - 46 = 186. Let i(v) = v**2 - 7*v + 7. Calculate the remainder when p is divided by i(8).
13
Let j(c) = 7*c**2 - 2*c + 6. Let o be j(-5). Suppose -3*m - o = 3*x + 2*x, 5*x = 3*m + 211. Calculate the remainder when m/(-2) - (-4)/(-8) is divided by 17.
16
Let k(r) = -r**2 - 11*r + 6. What is the remainder when 45 is divided by k(-9)?
21
Let g(l) = l**2 + l. Let y be g(1). Suppose 2*b = -y*b + 20. Suppose 0 = b*j - 4*p - 15, 3*p - 2 = 13. What is the remainder when 19 is divided by j?
5
Suppose m = 3*l - m - 34, 4*l - 50 = 5*m. Let u = l - -4. Calculate the remainder when 40 is divided by u.
12
Let a = 8 - 4. Suppose -3*o + a*r + 44 = -0*o, -3*o - r = -34. What is the remainder when 59 is divided by o?
11
Let t be (-12)/20*(-3 - 2). Suppose -t*c + 162 = -z + 3*z, -c = z - 54. Calculate the remainder when c is divided by 14.
12
Suppose 2*m + 3*m - 290 = 0. Calculate the remainder when m is divided by 20.
18
Let x = -2 + 4. Suppose 0 = 2*c, -3*g + x*g + c = -10. Calculate the remainder when 39 is divided by ((-8)/g)/(4/(-70)).
11
Suppose -2*r - 3*r = -5*q + 220, 0 = 5*q - 4*r - 216. Calculate the remainder when q is divided by 12.
4
Suppose 5*o + 14 = 124. Let a be (-6)/(-4) - (-3)/6. What is the remainder when o is divided by (-5)/(25/a)*-20?
6
Suppose 4*c - a + 44 = 3*a, 5*a + 57 = -2*c. Let y = 98 - c. Calculate the remainder when y is divided by 39.
36
Let t(r) = -90*r. Calculate the remainder when t(-1) is divided by -4 - (42 - 7)*-1.
28
Let w(a) = -a**2 + 6*a + 2. Let i(u) = -u**3 + 4*u**2 + 4*u - 3. Calculate the remainder when i(4) is divided by w(5).
6
Let k = 2 - 10. Let g(r) = r**2 + 7*r. What is the remainder when 10 is divided by g(k)?
2
Calculate the remainder when ((-6)/(-4))/(-1*(-2)/104) is divided by 8.
6
Let u(o) = -9*o + 2. What is the remainder when 57 is divided by u(-2)?
17
Suppose -3*k = 2*x + 5, -2*x - 8 = -4*k - x. Calculate the remainder when 10 is divided by 5*k + 11 + -12.
2
Suppose -4*z + 5*z - 2 = 0. Suppose f = -z*o + 104, -259 = -5*o - f - f. What is the remainder when o is divided by 13?
12
Let r(x) = 19 - 6*x**2 + 8*x**2 + 3*x - x**2. What is the remainder when r(8) is divided by 27?
26
Calculate the remainder when 143/3 - (-2)/(-3) is divided by 11/((-22)/(-24)) - (3 - 4).
8
Suppose 0 = -3*h + 9 - 0. Suppose -h*o = 2*o - 90. Let a = 54 + -1. Calculate the remainder when a is divided by o.
17
Suppose 3*h + 3 = 4*h. Let m(u) = 7*u - 5. Let f(b) = 16*b - 2. Calculate the remainder when f(2) is divided by m(h).
14
Suppose -2*z + z = -5. Let o = 8 + z. Calculate the remainder when 192/5 - (-4)/(-10) is divided by o.
12
Suppose h - 24 + 4 = 0. Let v(i) = -6*i - 1. Let z be v(-1). Suppose -6 = -5*c + 4, -4*c + 43 = z*r. Calculate the remainder when h is divided by r.
6
Let r(m) = m**3 + 4*m**2 - 5*m - 3. What is the remainder when 134 is divided by r(3)?
44
Suppose 0 = 2*q + 6, 0 = -2*m - 4*q + 14. Suppose 0 = -a - 5*n + 28, -2*a - 3*n + 38 = -32. What is the remainder when a is divided by m?
12
Let o(i) = -6*i**2 - 2*i + 5. Let q(r) = -5*r**2 - 3*r + 4. Let v(k) = -4*o(k) + 5*q(k). What is the remainder when 11 is divided by v(-6)?
5
Let p(g) = -2*g + 2. Let r be p(8). Let w = r + 17. What is the remainder when w is divided by 3?
0
Let a = -3 - -4. Calculate the remainder when -3*(1 + 2)/(-9) is divided by a.
0
Suppose -j = 4*d - 19, j = -3*d + d + 11. Suppose 0 = 5*w - 3*h - 122, -w + 35 + 3 = -d*h. Calculate the remainder when w is divided by 6.
4
Let s(a) = -12*a**3 + 2*a**2. What is the remainder when s(-1) is divided by 3?
2
Let y = -48 - -78. What is the remainder when 118 is divided by y?
28
Suppose -5*o - 166 = 3*u, -5*o = -6*u + 3*u + 154. Let i = -4 - o. Suppose -2 = 2*a - i. What is the remainder when 37 is divided by a?
11
Let m = -26 + 142. What is the remainder when m is divided by 24?
20
Let h = -1 + 12. Suppose 5*l = t + 9, 5*l + 0*t = -t + h. Suppose -4*u + l*u = -10. Calculate the remainder when 12 is divided by u.
2
Let n be 2/((6/(-20))/(-3)). Suppose 0*r + 4*r = n. What is the remainder when 30/25*(-80)/(-12) is divided by r?
3
Let y = 95 - 58. Let v be 20 - (-3)/(-6)*-2. Suppose -v = -4*t + 31. Calculate the remainder when y is divided by t.
11
Suppose g = -0*g - 6. What is the remainder when (g/4)/(7/(-14)) is divided by 2/3 - 2/(-6)?
0
Suppose 3*k + 0*r - 150 = -3*r, -2*r - 100 = -2*k. What is the remainder when k is divided by 17?
16
Suppose 5*q + 5*q = 130. Calculate the remainder when 37 is divided by q.
11
Let y = 15 - 4. Let b(s) = -s**3 - 11*s**2 - 2*s - 1. Calculate the remainder when b(-11) is divided by y.
10
Let d(p) = -p**3 - 9*p**2 - 11*p - 12. Let v(u) = -u**2 - 3*u - 4. Let t be v(-4). What is the remainder when 22 is divided by d(t)?
10
Suppose -37 - 59 = -4*a. Let u be ((-93)/(-12))/((-1)/(-4)). Suppose 4*l - 20 = 0, q = -q - l + u. Calculate the remainder when a is divided by q.
11
Suppose 48 = 2*s - 12. Calculate the remainder when s is divided by 24.
6
Let y = 106 + -13. Let n = y + -63. Calculate the remainder when 119 is divided by n.
29
Let x = -18 + 33. Calculate the remainder when x is divided by 4.
3
Suppose -2*p = -2*w + 7*w - 263, 2*w + 3*p = 114. Suppose -5*r + w = 4*k, k = -3*k + 5*r + 101. What is the remainder when 74 is divided by k?
17
Let g = 40 - 19. What is the remainder when 80 is divided by g?
17
Calculate the remainder when 103 + (1 - 1 - 1) is divided by (-2)/5*(-260)/4.
24
Calculate the remainder when 8 is divided by 9/4 + (-6)/(-8).
2
Let m = 0 - -1. Let r be (m/3)/(3/9). What is the remainder when 3 is divided by (r - 2)*(-4 + 3)?
0
Let f be (1/2)/((-2)/(-24)). Let h = 0 + f. What is the remainder when 20/3*(-24)/(-16) is divided by h?
4
Suppose -5*m = -5*p + 315, 0 = -5*p - 2 - 23. Let s = 134 + m. What is the remainder when s is divided by 23?
20
Let k(a) = 24*a**3 + 3*a**2 - 4*a + 2. What is the remainder when 70 is divided by k(1)?
20
Let z(i) = -i**3 + 6*i**2 + 6. Let a be z(6). Calculate the remainder when 14 is divided by (-24)/a*4/(-2).
6
Let b = 130 - 111. Calculate the remainder when b is divided by 6.
1
Suppose -4*b + 28 = 4*u - 80, 21 = b + 4*u. Calculate the remainder when b is divided by 15.
14
Suppose 2*t - 2*o = 8, t + t - 3*o - 3 = 0. Calculate the remainder when 16 is divided by t.
7
Suppose 21 = 3*z + 6. Suppose z*s = -0*s + 90. Calculate the remainder when s is divided by 7.
4
Let t(s) = s**2 - 9*s - 6. Suppose 0*j - 66 = -3*j. Suppose 5*p = -2*b + 8 + j, -p + 6 = -2*b. What is the remainder when t(11) is divided by p?
4
Suppose o - 28 = -l - l, 0 = l - o - 8. What is the remainder when 34 is divided by l?
10
Let c = -2 - 0. Let k be (35 + c/(-1))*1. Let l = k + -25. Calculate the remainder when 22 is divided by l.
10
Let n(w) = 68*w**3 + w**2 - w + 1. What is the remainder when n(1) is divided by 18?
15
Let w = -126 + 191. Calculate the remainder when w is divided by 23.
19
Let t(u) = 39*u**2 - 4*u. Calculate th